termine a(l).
-7
Let w(i) = -i**3 - 4*i**2 + i - 2. Let r(y) = y**2 + 7*y + 6. Let b be r(-4). Let c be 0/(1/((-2)/b)). Suppose -8*m + 3*m - 20 = c. Determine w(m).
-6
Let p = 13 - 11. Suppose -4 = p*y + 2*o, 2*y = -2*y + 5*o - 8. Let r(n) = n - 1. Let d(t) = 2*t**3 + 3*t**2 - 4*t + 4. Let j(q) = -d(q) - 5*r(q). Give j(y).
7
Let u = -2795 + 2798. Let s(t) = -5*t + 10. What is s(u)?
-5
Let r(y) = -5*y**3 + 13*y**2 - 2*y + 3. Let d(v) = -4*v**3 + 12*v**2 - 4*v + 2. Let z(g) = -4*d(g) + 3*r(g). What is z(8)?
17
Let r(w) be the first derivative of w**4/4 - 8*w**3/3 - 11*w**2/2 + 11*w - 541. What is r(9)?
-7
Let t(a) be the first derivative of a**3/3 + 15*a**2/2 - 5*a - 17. Let k be t(-15). Let g(m) = m. Determine g(k).
-5
Let y(s) = s - 8. Let r = 29 - 20. Let q = 626 + -624. Suppose -q*p + r = 1. What is y(p)?
-4
Let m(f) = -f**2 - 4*f + 5. Let w(r) = -r**2 + 3*r + 48. Let z be w(-6). Calculate m(z).
-7
Let g(q) be the first derivative of q**3/3 + 4*q**2 - 14*q - 2. Suppose 4*d - 52 = -92. What is g(d)?
6
Let a be (2/8 - 70/(-40)) + -3. Let p(o) = -11*o**2 + o + 2. Give p(a).
-10
Let t(m) be the second derivative of m**4/12 + 7*m**3/6 - 3*m**2/2 + 34*m. Calculate t(-8).
5
Let c(p) = 8*p - 2 + p**2 + 4 + 0 - 12*p. Let x(g) = 2*g**2 - 2*g - 1. Let h be x(-1). Let q be c(h). Let a(v) = -12*v - 1. Determine a(q).
11
Let k(b) = b**2 - 13*b + 24. Let y be 3*1/((-9)/(-33)). What is k(y)?
2
Let q(v) = 5*v**2 + v - 1. Let g(m) = m**2 - 6*m - 6. Let a be g(8). Let x be (12/a)/((-6)/(-20)). Let u be ((-2)/x)/(1/(-2)). Give q(u).
5
Let q(s) be the first derivative of 3/2*s**2 + 13 + 0*s. Give q(-2).
-6
Let a(i) be the first derivative of 7/2*i**2 + 1/4*i**4 - i - 4 - 7/3*i**3. Suppose 14*k = 15*k - 6. Give a(k).
5
Let x(i) = 1. Let z(g) = 3*g. Suppose -5*d + 0*d + 4 = v, 0 = 4*v + 4. Let a(q) = d*x(q) + z(q). Give a(-1).
-2
Let h be ((-120)/36)/(4/(-426)). Let v(r) = -2*r**2 - 353*r + h*r - 1 + r**3 - 1. Determine v(2).
2
Let z(r) be the third derivative of r**4/6 - r**3/2 - r**2. Let v be 184/48 - -1*(-2)/(-12). Determine z(v).
13
Let d(j) be the second derivative of 9/2*j**2 + 0 - 1/6*j**3 - 24*j. Let t = 5 - -1. What is d(t)?
3
Let r(s) = -s**3 - 4*s**2 + 11*s - 5. Let w = -732 - -726. Give r(w).
1
Let n(l) = 3*l + 8. Let a(g) = 2*g + 7. Let q(p) = -7*a(p) + 6*n(p). Suppose 120*b - 121*b + 1 = 0. What is q(b)?
3
Suppose 4*y = -3*t + 23, 0 = -2*y - 0*t + 3*t - 11. Let g(x) be the third derivative of 1/60*x**5 + 0 + 0*x**4 + 0*x - 5*x**y + 1/6*x**3. Determine g(-1).
2
Let z(r) = 24 - 21 - 2*r**2 - 3*r**2 + 5*r + 6*r**2. Suppose 0 = 2*t + 6. Give z(t).
-3
Let k be ((-3 + -9)/3)/(-1). Suppose -k*t = -4*i + 52, -2*i = -5*t - 0*i - 53. Let x = t - -6. Let q(u) = -u**3 - 3*u**2 + 3*u + 2. What is q(x)?
-7
Let a(x) = 9 - 2*x**2 + 5*x - 2*x**2 + 0 + 3*x**2. What is a(6)?
3
Let l(d) = 7*d**3 + 10*d**2 + d - 5. Let y = 20 - 12. Let o be (-1 - -2)*(y + -7). Let u(p) = p**3 + p**2 - 1. Let i(j) = o*l(j) - 6*u(j). Give i(-2).
7
Let x(i) = -i - 2. Suppose -3*s = -5*z + 53, 0 = -0*z + 3*z + 4*s - 26. Suppose -11 = -5*a + 4*l, -a = 3*l - z + 4. What is x(a)?
-5
Let t(h) = -h**2 - 3*h + 26. Let m be t(-7). Let j(i) be the second derivative of i**3 + 3*i**2/2 - 2*i. Determine j(m).
-9
Let q(h) be the third derivative of -h**5/12 - h**4/8 + h**3/6 + 101*h**2. What is q(2)?
-25
Let a(j) = -2*j + 9. Let b(h) = -h + 5. Let x(m) = -3*a(m) + 5*b(m). What is x(1)?
-1
Let k = 3 + -5. Let r(n) be the third derivative of -n**4/24 - n**3/6 - n**2 - 83*n. Give r(k).
1
Let a(h) = -h**3 + 2*h**2 - h - 2. Suppose 3*n + 8 = n, 5*n = 3*k + 40. Let z = k + 22. Determine a(z).
-4
Let c(s) = -25*s + 0*s + 34*s. Determine c(-3).
-27
Let b(k) = -k**2 + k + 5. Let i be 0/(-11) + (-3 - 2). What is b(i)?
-25
Let b(c) = -2*c + 4*c - 1 + 4*c + 0. Give b(-3).
-19
Let i(b) = b + 8. Let o(s) = 4*s + 22. Let g be o(-8). Determine i(g).
-2
Suppose -n - 13 + 23 = 2*l, 4*l = -5*n + 14. Let z(w) = -w**2 + 2*w - 7. What is z(l)?
-31
Let z(q) be the third derivative of q**6/60 - q**3/6 - 2*q**2 - 57*q. What is z(-2)?
-17
Let u(j) be the first derivative of -j**2/2 + 14*j + 78. Calculate u(10).
4
Let r(z) = 2*z**3 - 23*z**2 + 10*z + 11. Let f be r(11). Let w(a) = 8*a**2 - 48 + a + 48 + f*a. Calculate w(-1).
7
Let m(h) = 2*h + 0*h + 3*h + 12 - 4*h. Let c(g) = 2*g**2 + 15*g + 12. Let y be c(-7). Suppose -n = -y*n - 24. Calculate m(n).
6
Let j be (1/1)/1*(4 + -3). Let w be -22 + 25 + (1 - j - -2). Let x(c) = c - 5. Determine x(w).
0
Let j be 0/17 - (-10 - -1). Let c(o) = 64*o + 5 - 4 + j*o**2 - 64*o. Give c(-1).
10
Let t(a) be the third derivative of a**4/6 + a**3/6 - a**2. Suppose 4 = -b + 3*u, -5*b - 4*u = -7*b - 8. Let k be 6*b/(-32) + (-21)/12. Determine t(k).
-3
Let v(d) = 2*d**2 - d - 1. Let n(o) = -o**3 - 6*o**2 - o + 12. Let y(c) = -n(c) - 5*v(c). Give y(3).
2
Let k(w) = -5*w - 8. Suppose 0 = 6*a - a + 5*o, 4*o = -3*a + 3. Determine k(a).
7
Let u(q) be the second derivative of 21*q**5/20 + q**4/6 - q**3/6 - 17*q + 2. Give u(1).
22
Let i(f) = f**2 + 3*f + 3. Suppose 14*v + 221 = -661. Let x = v - -61. Give i(x).
1
Let l(k) = 19*k - 29*k + 14*k - 28 + 22. Give l(8).
26
Let l = 14 + -11. Suppose -l = -2*m + 3. Let g(q) = -q**2 + 1 - m - 2*q - 2 + 3. Calculate g(2).
-9
Let q(r) = 6*r**3 - 2*r**2 + r. Let u(t) = 2*t**2 - t + 2*t**2 - t**3 + 1 + 2*t - 2. Let a be u(4). Suppose -a*p + 3 = -0*p. Give q(p).
5
Let a(r) = -1 - 761*r + 5*r**2 + 5 + 763*r. Let f(s) = 4*s**2 + s + 4. Let z(k) = 5*a(k) - 6*f(k). Calculate z(-3).
-7
Let m(s) = 6*s - 3 + 4*s - 5*s - 2*s + 4*s - s**2. Suppose -3*n - 2*n - h + 7 = 0, h = 2*n. Let b be (-12)/(-9)*(n + 5). What is m(b)?
-11
Let r(s) = s**2 - 8*s + 4. Let c be r(8). Let p = c + -1. Let m(y) be the second derivative of -y**4/12 + y**3/3 + 2*y + 56. Calculate m(p).
-3
Let t(y) = y**2 - 16*y - 7. Let x be (-5)/(-2)*(14 - 152/20). Calculate t(x).
-7
Let t = 15 - 18. Let n = t - -4. Let q be 4 + (4/n)/(-2). Let s(l) = -2*l**2 + 3*l - 3. Give s(q).
-5
Let g(c) be the third derivative of c**5/60 + 11*c**4/24 - 5*c**3/3 - 352*c**2. What is g(-12)?
2
Let x = -5 - -10. Let o(m) = 5 + m**3 + m + 2*m**2 + 2*m**2 - 6*m**2 - 5*m - 2*m**2. What is o(x)?
10
Let r(u) be the second derivative of 0 - 1/3*u**4 + 1/3*u**3 + 3*u + 1/2*u**2 + 1/20*u**5. Calculate r(2).
-3
Let y(x) be the first derivative of -x**6/120 - x**5/12 - x**4/24 - x**2 + x - 14. Let l(j) be the second derivative of y(j). What is l(-2)?
-10
Let z = -16 + 18. Let s(f) = -5*f - 13. Let w(p) = 27*p + 65. Let c(d) = z*w(d) + 11*s(d). Let g be 0*(-2 - -1)*-1. What is c(g)?
-13
Let n(r) = -3*r - 7. Let j = -125 - -120. Calculate n(j).
8
Let j(s) be the third derivative of -s**6/120 - s**5/15 + 5*s**4/24 - 2*s**3/3 + 47*s**2. Give j(-6).
38
Suppose -108*p = -103*p - 75. Suppose -5*z - 10 = 2*k + p, 5*z - 4*k = 5. Let w(a) = a**2 + 3. Calculate w(z).
12
Let w = 98 + -93. Let t(y) = -16*y**3 - 8*y**2 + w - 3 - 7*y + 15*y**3. Give t(-7).
2
Let j = 7 + -4. Suppose 3*k + j*s = 18, 0*k = 2*k + s - 10. Let p(z) = 2*z - 3*z + 1 + k. Give p(0).
5
Let s(l) = -l - 5. Let c(j) = -5*j + 19. Let q(g) = -g**3 + 3*g + 4. Let d be q(-2). Let k be c(d). Give s(k).
6
Let k(b) be the first derivative of b**4/12 + 5*b**3/6 - b**2 + 29*b + 43. Let g(w) be the first derivative of k(w). Determine g(-6).
4
Let n(y) = -y**3 + 5*y**2 - 3*y - 4. Let z be n(4). Let w(r) = -43*r + 49. Let g(j) = 26*j - 26. Let h(i) = 5*g(i) + 3*w(i). What is h(z)?
17
Let a(x) = -x**3 - x**2 + 6*x - 5. Let z(g) = -4*g**3 - 5*g**2 + 24*g - 21. Let w(i) = 9*a(i) - 2*z(i). Give w(4).
-27
Let l(w) = -w**2 + w - 2. Let n = -4 - -14. Let k = n - 16. Let s(h) = h + 8. Let q be s(k). Give l(q).
-4
Let i(g) = -g - 15. Let r(c) = -c - 14. Let s(b) = -6*i(b) + 7*r(b). Calculate s(-9).
1
Let j = -27 - -20. Let y(u) = 9*u + 4*u**2 - 10*u**2 + 0*u**3 - 2*u**3 + 8 + u**3. Calculate y(j).
-6
Suppose -7*u + 40 = 5. Let o(s) be the third derivative of -s**5/60 + 5*s**4/24 - s**3/6 + s**2. Determine o(u).
-1
Let i(z) = 49 - 3*z**2 + 53 + 7*z - z**3 - 4*z**2 - 103. Calculate i(-8).
7
Let t(m) be the third derivative of -m**7/2520 - m**6/72 - m**5/12 + 2*m**4/3 + 2*m**2. Let y(h) be the second derivative of t(h). Determine y(-9).
-1
Let a(v) = -2*v**2 + v + 17. Let x(o) = 3*o**2 - 3*o - 33. Let b